ivided by 104.
103
Calculate the remainder when 139 is divided by 13.
9
Calculate the remainder when 4517 is divided by 137.
133
Calculate the remainder when 482 is divided by 85.
57
Calculate the remainder when 81 is divided by 34.
13
What is the remainder when 222 is divided by 9?
6
What is the remainder when 8065 is divided by 2682?
19
Calculate the remainder when 1047 is divided by 31.
24
Calculate the remainder when 413 is divided by 100.
13
Calculate the remainder when 612 is divided by 154.
150
What is the remainder when 1424 is divided by 706?
12
What is the remainder when 18 is divided by 7?
4
What is the remainder when 1105 is divided by 268?
33
What is the remainder when 336 is divided by 141?
54
What is the remainder when 61 is divided by 15?
1
What is the remainder when 313 is divided by 79?
76
What is the remainder when 118 is divided by 108?
10
What is the remainder when 123 is divided by 9?
6
What is the remainder when 31 is divided by 12?
7
What is the remainder when 3825 is divided by 101?
88
Calculate the remainder when 123 is divided by 32.
27
What is the remainder when 141 is divided by 47?
0
Calculate the remainder when 100 is divided by 51.
49
Calculate the remainder when 248 is divided by 66.
50
What is the remainder when 1020 is divided by 339?
3
Calculate the remainder when 96 is divided by 20.
16
Calculate the remainder when 6683 is divided by 97.
87
Calculate the remainder when 65 is divided by 61.
4
Calculate the remainder when 49 is divided by 15.
4
What is the remainder when 98 is divided by 9?
8
What is the remainder when 2928 is divided by 128?
112
Calculate the remainder when 1500 is divided by 18.
6
Calculate the remainder when 298 is divided by 20.
18
What is the remainder when 2533 is divided by 240?
133
What is the remainder when 1549 is divided by 82?
73
Calculate the remainder when 220 is divided by 28.
24
Calculate the remainder when 17791 is divided by 82.
79
Calculate the remainder when 967 is divided by 109.
95
Calculate the remainder when 16145 is divided by 23.
22
Calculate the remainder when 11 is divided by 6.
5
What is the remainder when 98 is divided by 43?
12
Calculate the remainder when 166 is divided by 85.
81
What is the remainder when 61 is divided by 34?
27
Calculate the remainder when 1175 is divided by 28.
27
What is the remainder when 269 is divided by 15?
14
Calculate the remainder when 2255 is divided by 496.
271
Calculate the remainder when 564 is divided by 32.
20
Calculate the remainder when 61 is divided by 11.
6
What is the remainder when 5201 is divided by 274?
269
What is the remainder when 1226 is divided by 30?
26
What is the remainder when 253 is divided by 34?
15
Calculate the remainder when 1235 is divided by 202.
23
What is the remainder when 203 is divided by 31?
17
What is the remainder when 269 is divided by 95?
79
What is the remainder when 35 is divided by 14?
7
Calculate the remainder when 104 is divided by 9.
5
Calculate the remainder when 786 is divided by 92.
50
Calculate the remainder when 142 is divided by 29.
26
Calculate the remainder when 100 is divided by 54.
46
What is the remainder when 41 is divided by 27?
14
Calculate the remainder when 41 is divided by 37.
4
Calculate the remainder when 1035 is divided by 287.
174
What is the remainder when 5278 is divided by 132?
130
Calculate the remainder when 3549 is divided by 16.
13
Calculate the remainder when 41 is divided by 36.
5
Calculate the remainder when 94 is divided by 30.
4
Calculate the remainder when 74 is divided by 24.
2
Calculate the remainder when 6 is divided by 4.
2
Calculate the remainder when 3586 is divided by 163.
0
What is the remainder when 9998 is divided by 5?
3
Calculate the remainder when 2150 is divided by 2141.
9
What is the remainder when 1096 is divided by 29?
23
Calculate the remainder when 300 is divided by 144.
12
Calculate the remainder when 172 is divided by 7.
4
Calculate the remainder when 712 is divided by 13.
10
What is the remainder when 1213 is divided by 16?
13
Calculate the remainder when 536 is divided by 79.
62
What is the remainder when 100 is divided by 8?
4
What is the remainder when 429 is divided by 108?
105
What is the remainder when 151 is divided by 4?
3
Calculate the remainder when 129 is divided by 67.
62
What is the remainder when 10 is divided by 4?
2
What is the remainder when 3019 is divided by 1497?
25
What is the remainder when 65 is divided by 23?
19
What is the remainder when 298 is divided by 59?
3
What is the remainder when 21830 is divided by 106?
100
What is the remainder when 16650 is divided by 92?
90
Calculate the remainder when 10137 is divided by 20.
17
Calculate the remainder when 6102 is divided by 14.
12
Calculate the remainder when 8540 is divided by 117.
116
Calculate the remainder when 152 is divided by 17.
16
Calculate the remainder when 193 is divided by 92.
9
What is the remainder when 2182 is divided by 542?
14
What is the remainder when 12008 is divided by 3999?
11
What is the remainder when 2871 is divided by 8?
7
What is the remainder when 10243 is divided by 94?
91
Calculate the remainder when 12646 is divided by 186.
184
What is the remainder when 1456 is divided by 58?
6
Calculate the remainder when 280 is divided by 214.
66
Calculate the remainder when 87091 is divided by 14.
11
What is the remainder when 62 is divided by 15?
2
Calculate the remainder when 113 is divided by 4.
1
Calculate the remainder when 590 is divided by 85.
80
What is the remainder when 129 is divided by 10?
9
What is the remainder when 520 is divided by 514?
6
What is the remainder when 33 is divided by 3?
0
Calculate the remainder when 1237 is divided by 131.
58
Calculate the remainder when 108 is divided by 19.
13
Calculate the remainder when 2110 is divided by 6.
4
What is the remainder when 50 is divided by 34?
16
What is the remainder when 128 is divided by 64?
0
Calculate the remainder when 4950 is divided by 39.
36
What is the remainder when 10130 is divided by 149?
147
Calculate the remainder when 126 is divided by 32.
30
Calculate the remainder when 151 is divided by 32.
23
What is the remainder when 4965 is divided by 12?
9
What is the remainder when 2886 is divided by 37?
0
What is the remainder when 227 is divided by 38?
37
Calculate the remainder when 28 is divided by 5.
3
Calculate the remainder when 161 is divided by 15.
11
Calculate the remainder when 373 is divided by 29.
25
What is the remainder when 4678 is divided by 9?
7
Calculate the remainder when 5821 is divided by 112.
109
What is the remainder when 371 is divided by 106?
53
What is the remainder when 5144 is divided by 166?
164
Calculate the remainder when 902 is divided by 438.
26
What is the remainder when 1994 is divided by 20?
14
Calculate the remainder when 62 is divided by 22.
18
Calculate the remainder when 272 is divided by 91.
90
What is the remainder when 246 is divided by 126?
120
What is the remainder when 79 is divided by 27?
25
What is the remainder when 159 is divided by 8?
7
Calculate the remainder when 928 is divided by 19.
16
What is the remainder when 61 is divided by 25?
11
What is the remainder when 4535 is divided by 68?
47
Calculate the remainder when 796 is divided by 204.
184
What is the remainder when 6837 is divided by 116?
109
Calculate the remainder when 554 is divided by 265.
24
What is the remainder when 332 is divided by 122?
88
What is the remainder when 880 is divided by 15?
10
Calculate the remainder when 172 is divided by 133.
39
What is the remainder when 1289 is divided by 2?
1
What is the remainder when 215 is divided by 18?
17
What is the remainder when 141 is divided by 21?
15
Calculate the remainder when 10569 is divided by 120.
9
What is the remainder when 46 is divided by 7?
4
What is the remainder when 1010 is divided by 23?
21
What is the remainder when 2115 is divided by 29?
27
What is the remainder when 2179 is divided by 15?
4
Calculate the remainder when 1342 is divided by 14.
12
Calculate the remainder when 271 is divided by 16.
15
What is the remainder when 9175 is divided by 69?
67
What is the remainder when 88 is divided by 22?
0
What is the remainder when 499 is divided by 10?
9
Calculate the remainder when 2259 is